{"id":555,"date":"2020-04-21T14:55:35","date_gmt":"2020-04-21T14:55:35","guid":{"rendered":"http:\/\/rufacervesera.cat\/?page_id=555"},"modified":"2021-06-06T21:07:34","modified_gmt":"2021-06-06T21:07:34","slug":"et-portem-la-rufa-a-casa","status":"publish","type":"page","link":"https:\/\/www.rufacervesera.cat\/index.php\/et-portem-la-rufa-a-casa\/","title":{"rendered":"Et portem la Rufa a casa"},"content":{"rendered":"\n<p class=\"has-text-align-left\"><strong>Vols que et portem la cervesa directament a casa teva?<\/strong><\/p>\n\n\n\n<p>Fem caixes de 12 unitats amb la selecci\u00f3 de cerveses que desitgis amb els seg\u00fcents preus:<br>&#8211; 25 \u20ac Comarca Alt Empord\u00e0<br>&#8211; 30\u20ac Resta de la pen\u00ednsula<\/p>\n\n\n\n<p class=\"has-medium-font-size\"><strong>Fes-nos la comanda directament a trav\u00e9s de WhatsApp al 676 084 958<\/strong><\/p>\n\n\n\n<div class=\"wp-block-columns alignwide has-2-columns is-layout-flex wp-container-core-columns-is-layout-9d6595d7 wp-block-columns-is-layout-flex\">\n<div class=\"wp-block-column is-layout-flow wp-block-column-is-layout-flow\">\n<h2 class=\"has-text-align-left wp-block-heading\">Fes-nos la comanda (M\u00faltiples de 12) i et direm la forma de pagament a trav\u00e9s de WhatsApp.<\/h2>\n\n\n\n<div class=\"wp-block-jetpack-send-a-message\">\n<div class=\"wp-block-jetpack-whatsapp-button is-color-dark\"><a class=\"whatsapp-block__button\" href=\"https:\/\/api.whatsapp.com\/send?phone=34676084958&amp;text=Hola%20Joan%20voldria%20fer%20una%20comanda%20de%3A\" style=\"background-color:#465B64;color:#fff\" target=\"_self\" rel=\"noopener noreferrer\">Clica per fer comanda<\/a><\/div>\n<\/div>\n<\/div>\n<\/div>\n","protected":false},"excerpt":{"rendered":"<p>Vols que et portem la cervesa directament a casa teva? Fem caixes de 12 unitats amb la selecci\u00f3 de cerveses que desitgis amb els seg\u00fcents preus:&#8211; 25 \u20ac Comarca Alt Empord\u00e0&#8211; 30\u20ac Resta de la pen\u00ednsula Fes-nos la comanda directament a trav\u00e9s de WhatsApp al 676 084 958 Fes-nos la comanda (M\u00faltiples de 12) i &hellip; <\/p>\n<p class=\"link-more\"><a href=\"https:\/\/www.rufacervesera.cat\/index.php\/et-portem-la-rufa-a-casa\/\" class=\"more-link\">Continua llegint <span class=\"screen-reader-text\">\u00abEt portem la Rufa a casa\u00bb<\/span><\/a><\/p>\n","protected":false},"author":2,"featured_media":621,"parent":0,"menu_order":0,"comment_status":"closed","ping_status":"closed","template":"","meta":{"footnotes":""},"class_list":["post-555","page","type-page","status-publish","has-post-thumbnail","hentry"],"jetpack_sharing_enabled":true,"_links":{"self":[{"href":"https:\/\/www.rufacervesera.cat\/index.php\/wp-json\/wp\/v2\/pages\/555","targetHints":{"allow":["GET"]}}],"collection":[{"href":"https:\/\/www.rufacervesera.cat\/index.php\/wp-json\/wp\/v2\/pages"}],"about":[{"href":"https:\/\/www.rufacervesera.cat\/index.php\/wp-json\/wp\/v2\/types\/page"}],"author":[{"embeddable":true,"href":"https:\/\/www.rufacervesera.cat\/index.php\/wp-json\/wp\/v2\/users\/2"}],"replies":[{"embeddable":true,"href":"https:\/\/www.rufacervesera.cat\/index.php\/wp-json\/wp\/v2\/comments?post=555"}],"version-history":[{"count":3,"href":"https:\/\/www.rufacervesera.cat\/index.php\/wp-json\/wp\/v2\/pages\/555\/revisions"}],"predecessor-version":[{"id":714,"href":"https:\/\/www.rufacervesera.cat\/index.php\/wp-json\/wp\/v2\/pages\/555\/revisions\/714"}],"wp:featuredmedia":[{"embeddable":true,"href":"https:\/\/www.rufacervesera.cat\/index.php\/wp-json\/"}],"wp:attachment":[{"href":"https:\/\/www.rufacervesera.cat\/index.php\/wp-json\/wp\/v2\/media?parent=555"}],"curies":[{"name":"wp","href":"https:\/\/api.w.org\/{rel}","templated":true}]}}