{"id":503,"date":"2020-04-19T22:35:14","date_gmt":"2020-04-19T22:35:14","guid":{"rendered":"http:\/\/rufacervesera.cat\/?page_id=430"},"modified":"2024-11-28T12:00:25","modified_gmt":"2024-11-28T12:00:25","slug":"rufa-blat","status":"publish","type":"page","link":"https:\/\/www.rufacervesera.cat\/index.php\/rufa-blat\/","title":{"rendered":"Rufes Cl\u00e0ssiques"},"content":{"rendered":"\n<p><\/p>\n\n\n\n<p><\/p>\n\n\n\n<p><\/p>\n\n\n\n<p><\/p>\n\n\n\n<div class=\"wp-block-media-text alignfull is-stacked-on-mobile\"><figure class=\"wp-block-media-text__media\"><img loading=\"lazy\" decoding=\"async\" width=\"484\" height=\"1024\" src=\"https:\/\/www.rufacervesera.cat\/wp-content\/uploads\/2021\/06\/originalampollabona-484x1024.jpg\" alt=\"\" class=\"wp-image-826 size-full\" srcset=\"https:\/\/www.rufacervesera.cat\/wp-content\/uploads\/2021\/06\/originalampollabona-484x1024.jpg 484w, https:\/\/www.rufacervesera.cat\/wp-content\/uploads\/2021\/06\/originalampollabona-350x740.jpg 350w, https:\/\/www.rufacervesera.cat\/wp-content\/uploads\/2021\/06\/originalampollabona-142x300.jpg 142w, https:\/\/www.rufacervesera.cat\/wp-content\/uploads\/2021\/06\/originalampollabona-768x1624.jpg 768w, https:\/\/www.rufacervesera.cat\/wp-content\/uploads\/2021\/06\/originalampollabona-727x1536.jpg 727w, https:\/\/www.rufacervesera.cat\/wp-content\/uploads\/2021\/06\/originalampollabona-969x2048.jpg 969w, https:\/\/www.rufacervesera.cat\/wp-content\/uploads\/2021\/06\/originalampollabona.jpg 1211w\" sizes=\"auto, (max-width: 484px) 100vw, 484px\" \/><\/figure><div class=\"wp-block-media-text__content\">\n<h2 class=\"wp-block-heading margin-bottom-half\">Rufa Original<\/h2>\n\n\n\n<p class=\"margin-top-half has-small-font-size\">EPA (Empord\u00e0 Pale Ale)<\/p>\n\n\n\n<p class=\"has-small-font-size\">\u00c9s la origin\u00e0ria de l&#8217;empresa, va n\u00e9ixer el 2012, \u00e9s una cervesa d&#8217;alta fermentaci\u00f3 lleugera i d&#8217;amargor subtil elaborada amb ll\u00fapols ecol\u00f2gics i de proximitat i una petita quantitat de mel de l&#8217;Empord\u00e0 que fermenta juntament amb la cervesa.<\/p>\n\n\n\n<p><\/p>\n\n\n\n<h5 class=\"wp-block-heading\"><strong>Par\u00e0metres:<\/strong><\/h5>\n\n\n\n<div class=\"wp-block-columns is-layout-flex wp-container-core-columns-is-layout-9d6595d7 wp-block-columns-is-layout-flex\">\n<div class=\"wp-block-column is-layout-flow wp-block-column-is-layout-flow\">\n<ul class=\"wp-block-list\">\n<li>5% vol<\/li>\n\n\n\n<li>12 EBC<\/li>\n<\/ul>\n<\/div>\n\n\n\n<div class=\"wp-block-column is-layout-flow wp-block-column-is-layout-flow\">\n<ul class=\"wp-block-list\">\n<li>20 <span style=\"text-align:initial;\">IBUS<\/span><\/li>\n<\/ul>\n<\/div>\n<\/div>\n<\/div><\/div>\n\n\n\n<div class=\"wp-block-media-text alignfull is-stacked-on-mobile\"><figure class=\"wp-block-media-text__media\"><img loading=\"lazy\" decoding=\"async\" width=\"485\" height=\"1024\" src=\"https:\/\/www.rufacervesera.cat\/wp-content\/uploads\/2024\/11\/image.png\" alt=\"\" class=\"wp-image-1009 size-full\" srcset=\"https:\/\/www.rufacervesera.cat\/wp-content\/uploads\/2024\/11\/image.png 485w, https:\/\/www.rufacervesera.cat\/wp-content\/uploads\/2024\/11\/image-142x300.png 142w, https:\/\/www.rufacervesera.cat\/wp-content\/uploads\/2024\/11\/image-350x739.png 350w\" sizes=\"auto, (max-width: 485px) 100vw, 485px\" \/><\/figure><div class=\"wp-block-media-text__content\">\n<h2 class=\"wp-block-heading margin-bottom-half\">Rufa Blat<\/h2>\n\n\n\n<p class=\"margin-top-half has-small-font-size\">EWWA (Empord\u00e0 wetlands white ale)<\/p>\n\n\n\n<p class=\"has-small-font-size\">Rufa nascuda en origen com a projecte experimental per utilitzar blats antics recuperats pel gremi de flequers artesans de les comarques gironines i que ha esdevingut una cl\u00e0ssica. \u00c9s una cervesa molt p\u00e0l\u00b7lida, lleugerament t\u00e8rbola i amb aromes de cereals, llevats i massa mare amb un fons c\u00edtric i floral, una cervesa molt fresca i lleugera elaborada amb ll\u00fapols ecol\u00f2gics i de proximitat . <\/p>\n\n\n\n<h5 class=\"wp-block-heading\"><strong><strong>Par\u00e0metres<\/strong><\/strong>:<\/h5>\n\n\n\n<div class=\"wp-block-columns is-layout-flex wp-container-core-columns-is-layout-9d6595d7 wp-block-columns-is-layout-flex\">\n<div class=\"wp-block-column is-layout-flow wp-block-column-is-layout-flow\">\n<ul class=\"wp-block-list\">\n<li>5% VOL<\/li>\n\n\n\n<li>10 EBC<\/li>\n<\/ul>\n<\/div>\n\n\n\n<div class=\"wp-block-column is-layout-flow wp-block-column-is-layout-flow\">\n<ul class=\"wp-block-list\">\n<li>15 IBUS<\/li>\n<\/ul>\n<\/div>\n<\/div>\n<\/div><\/div>\n\n\n\n<div class=\"wp-block-media-text alignfull is-stacked-on-mobile\"><figure class=\"wp-block-media-text__media\"><img loading=\"lazy\" decoding=\"async\" width=\"484\" height=\"1024\" src=\"https:\/\/www.rufacervesera.cat\/wp-content\/uploads\/2021\/06\/negraampollabona-484x1024.jpg\" alt=\"\" class=\"wp-image-827 size-full\" srcset=\"https:\/\/www.rufacervesera.cat\/wp-content\/uploads\/2021\/06\/negraampollabona-484x1024.jpg 484w, https:\/\/www.rufacervesera.cat\/wp-content\/uploads\/2021\/06\/negraampollabona-350x740.jpg 350w, https:\/\/www.rufacervesera.cat\/wp-content\/uploads\/2021\/06\/negraampollabona-142x300.jpg 142w, https:\/\/www.rufacervesera.cat\/wp-content\/uploads\/2021\/06\/negraampollabona-768x1624.jpg 768w, https:\/\/www.rufacervesera.cat\/wp-content\/uploads\/2021\/06\/negraampollabona-727x1536.jpg 727w, https:\/\/www.rufacervesera.cat\/wp-content\/uploads\/2021\/06\/negraampollabona-969x2048.jpg 969w, https:\/\/www.rufacervesera.cat\/wp-content\/uploads\/2021\/06\/negraampollabona.jpg 1211w\" sizes=\"auto, (max-width: 484px) 100vw, 484px\" \/><\/figure><div class=\"wp-block-media-text__content\">\n<h2 class=\"wp-block-heading margin-bottom-half\">Rufa Negra<\/h2>\n\n\n\n<p class=\"margin-top-half has-small-font-size\">EP (Empord\u00e0 Porter)<\/p>\n\n\n\n<p class=\"has-small-font-size\">La m\u00e9s maltosa i intensa \u00e9s la Rufa Negra, elaborada amb maltes xocolata i torrades \u00e9s una cervesa de color del caf\u00e8 i aromes torrefactes per\u00f2 molt equilibrada, i suau dins el seu estil. Mitjanament amarga \u00e9s elaborada amb ll\u00fapols ecol\u00f2gics i de proximitat.<\/p>\n\n\n\n<p><\/p>\n\n\n\n<p><\/p>\n\n\n\n<h5 class=\"wp-block-heading\"><strong><strong>Par\u00e0metres<\/strong>:<\/strong><\/h5>\n\n\n\n<div class=\"wp-block-columns is-layout-flex wp-container-core-columns-is-layout-9d6595d7 wp-block-columns-is-layout-flex\">\n<div class=\"wp-block-column is-layout-flow wp-block-column-is-layout-flow\">\n<ul class=\"wp-block-list\">\n<li>6% VOL<\/li>\n\n\n\n<li>65 EBC<\/li>\n<\/ul>\n<\/div>\n\n\n\n<div class=\"wp-block-column is-layout-flow wp-block-column-is-layout-flow\">\n<ul class=\"wp-block-list\">\n<li>40 IBUS<\/li>\n<\/ul>\n<\/div>\n<\/div>\n\n\n\n<p><\/p>\n<\/div><\/div>\n\n\n\n<div class=\"wp-block-media-text alignfull is-stacked-on-mobile\"><figure class=\"wp-block-media-text__media\"><img loading=\"lazy\" decoding=\"async\" width=\"484\" height=\"1024\" src=\"https:\/\/www.rufacervesera.cat\/wp-content\/uploads\/2021\/09\/soleraaampollabona-484x1024.jpg\" alt=\"\" class=\"wp-image-828 size-full\" srcset=\"https:\/\/www.rufacervesera.cat\/wp-content\/uploads\/2021\/09\/soleraaampollabona-484x1024.jpg 484w, https:\/\/www.rufacervesera.cat\/wp-content\/uploads\/2021\/09\/soleraaampollabona-350x740.jpg 350w, https:\/\/www.rufacervesera.cat\/wp-content\/uploads\/2021\/09\/soleraaampollabona-142x300.jpg 142w, https:\/\/www.rufacervesera.cat\/wp-content\/uploads\/2021\/09\/soleraaampollabona-768x1624.jpg 768w, https:\/\/www.rufacervesera.cat\/wp-content\/uploads\/2021\/09\/soleraaampollabona-727x1536.jpg 727w, https:\/\/www.rufacervesera.cat\/wp-content\/uploads\/2021\/09\/soleraaampollabona-969x2048.jpg 969w, https:\/\/www.rufacervesera.cat\/wp-content\/uploads\/2021\/09\/soleraaampollabona.jpg 1211w\" sizes=\"auto, (max-width: 484px) 100vw, 484px\" \/><\/figure><div class=\"wp-block-media-text__content\">\n<h2 class=\"wp-block-heading margin-bottom-half\">Rufa Solera<\/h2>\n\n\n\n<p class=\"margin-top-half has-small-font-size\">ERA (Empord\u00e0 red ale)<\/p>\n\n\n\n<p class=\"has-small-font-size\">Aquesta cervesa experimental \u00e9s un cupatge de les nostres feines, reflex de les nostres vides, una fermentaci\u00f3 conjunta de garnatxa dol\u00e7a de solera de l\u2019Empord\u00e0 i cervesa elaborada amb maltes torrades i ll\u00fapol ecol\u00f2gic i de proximitat que dona com a resultat una beguda \u00fanica.<\/p>\n\n\n\n<p><\/p>\n\n\n\n<h5 class=\"wp-block-heading\"><strong><strong>Par\u00e0metres<\/strong>:<\/strong><\/h5>\n\n\n\n<div class=\"wp-block-columns is-layout-flex wp-container-core-columns-is-layout-9d6595d7 wp-block-columns-is-layout-flex\">\n<div class=\"wp-block-column is-layout-flow wp-block-column-is-layout-flow\">\n<ul class=\"wp-block-list\">\n<li>8% VOL<\/li>\n\n\n\n<li>25 EBC<\/li>\n<\/ul>\n<\/div>\n\n\n\n<div class=\"wp-block-column is-layout-flow wp-block-column-is-layout-flow\">\n<ul class=\"wp-block-list\">\n<li>30 IBUS<\/li>\n<\/ul>\n<\/div>\n<\/div>\n\n\n\n<p><\/p>\n<\/div><\/div>\n\n\n\n<p><\/p>\n","protected":false},"excerpt":{"rendered":"","protected":false},"author":2,"featured_media":480,"parent":0,"menu_order":0,"comment_status":"closed","ping_status":"closed","template":"","meta":{"footnotes":""},"class_list":["post-503","page","type-page","status-publish","has-post-thumbnail","hentry"],"jetpack_sharing_enabled":true,"_links":{"self":[{"href":"https:\/\/www.rufacervesera.cat\/index.php\/wp-json\/wp\/v2\/pages\/503","targetHints":{"allow":["GET"]}}],"collection":[{"href":"https:\/\/www.rufacervesera.cat\/index.php\/wp-json\/wp\/v2\/pages"}],"about":[{"href":"https:\/\/www.rufacervesera.cat\/index.php\/wp-json\/wp\/v2\/types\/page"}],"author":[{"embeddable":true,"href":"https:\/\/www.rufacervesera.cat\/index.php\/wp-json\/wp\/v2\/users\/2"}],"replies":[{"embeddable":true,"href":"https:\/\/www.rufacervesera.cat\/index.php\/wp-json\/wp\/v2\/comments?post=503"}],"version-history":[{"count":5,"href":"https:\/\/www.rufacervesera.cat\/index.php\/wp-json\/wp\/v2\/pages\/503\/revisions"}],"predecessor-version":[{"id":1013,"href":"https:\/\/www.rufacervesera.cat\/index.php\/wp-json\/wp\/v2\/pages\/503\/revisions\/1013"}],"wp:featuredmedia":[{"embeddable":true,"href":"https:\/\/www.rufacervesera.cat\/index.php\/wp-json\/wp\/v2\/media\/480"}],"wp:attachment":[{"href":"https:\/\/www.rufacervesera.cat\/index.php\/wp-json\/wp\/v2\/media?parent=503"}],"curies":[{"name":"wp","href":"https:\/\/api.w.org\/{rel}","templated":true}]}}

Rufes Clàssiques

<p></p>



<p></p>



<p></p>



<p></p>



<div class="wp-block-media-text alignfull is-stacked-on-mobile"><figure class="wp-block-media-text__media"><img loading="lazy" decoding="async" width="484" height="1024" src="https://www.rufacervesera.cat/wp-content/uploads/2021/06/originalampollabona-484x1024.jpg" alt="" class="wp-image-826 size-full" srcset="https://www.rufacervesera.cat/wp-content/uploads/2021/06/originalampollabona-484x1024.jpg 484w, https://www.rufacervesera.cat/wp-content/uploads/2021/06/originalampollabona-350x740.jpg 350w, https://www.rufacervesera.cat/wp-content/uploads/2021/06/originalampollabona-142x300.jpg 142w, https://www.rufacervesera.cat/wp-content/uploads/2021/06/originalampollabona-768x1624.jpg 768w, https://www.rufacervesera.cat/wp-content/uploads/2021/06/originalampollabona-727x1536.jpg 727w, https://www.rufacervesera.cat/wp-content/uploads/2021/06/originalampollabona-969x2048.jpg 969w, https://www.rufacervesera.cat/wp-content/uploads/2021/06/originalampollabona.jpg 1211w" sizes="auto, (max-width: 484px) 100vw, 484px" /></figure><div class="wp-block-media-text__content">
<h2 class="wp-block-heading margin-bottom-half">Rufa Original</h2>



<p class="margin-top-half has-small-font-size">EPA (Empordà Pale Ale)</p>



<p class="has-small-font-size">És la originària de l&#8217;empresa, va néixer el 2012, és una cervesa d&#8217;alta fermentació lleugera i d&#8217;amargor subtil elaborada amb llúpols ecològics i de proximitat i una petita quantitat de mel de l&#8217;Empordà que fermenta juntament amb la cervesa.</p>



<p></p>



<h5 class="wp-block-heading"><strong>Paràmetres:</strong></h5>



<div class="wp-block-columns is-layout-flex wp-container-core-columns-is-layout-9d6595d7 wp-block-columns-is-layout-flex">
<div class="wp-block-column is-layout-flow wp-block-column-is-layout-flow">
<ul class="wp-block-list">
<li>5% vol</li>



<li>12 EBC</li>
</ul>
</div>



<div class="wp-block-column is-layout-flow wp-block-column-is-layout-flow">
<ul class="wp-block-list">
<li>20 <span style="text-align:initial;">IBUS</span></li>
</ul>
</div>
</div>
</div></div>



<div class="wp-block-media-text alignfull is-stacked-on-mobile"><figure class="wp-block-media-text__media"><img loading="lazy" decoding="async" width="485" height="1024" src="https://www.rufacervesera.cat/wp-content/uploads/2024/11/image.png" alt="" class="wp-image-1009 size-full" srcset="https://www.rufacervesera.cat/wp-content/uploads/2024/11/image.png 485w, https://www.rufacervesera.cat/wp-content/uploads/2024/11/image-142x300.png 142w, https://www.rufacervesera.cat/wp-content/uploads/2024/11/image-350x739.png 350w" sizes="auto, (max-width: 485px) 100vw, 485px" /></figure><div class="wp-block-media-text__content">
<h2 class="wp-block-heading margin-bottom-half">Rufa Blat</h2>



<p class="margin-top-half has-small-font-size">EWWA (Empordà wetlands white ale)</p>



<p class="has-small-font-size">Rufa nascuda en origen com a projecte experimental per utilitzar blats antics recuperats pel gremi de flequers artesans de les comarques gironines i que ha esdevingut una clàssica. És una cervesa molt pàl·lida, lleugerament tèrbola i amb aromes de cereals, llevats i massa mare amb un fons cítric i floral, una cervesa molt fresca i lleugera elaborada amb llúpols ecològics i de proximitat . </p>



<h5 class="wp-block-heading"><strong><strong>Paràmetres</strong></strong>:</h5>



<div class="wp-block-columns is-layout-flex wp-container-core-columns-is-layout-9d6595d7 wp-block-columns-is-layout-flex">
<div class="wp-block-column is-layout-flow wp-block-column-is-layout-flow">
<ul class="wp-block-list">
<li>5% VOL</li>



<li>10 EBC</li>
</ul>
</div>



<div class="wp-block-column is-layout-flow wp-block-column-is-layout-flow">
<ul class="wp-block-list">
<li>15 IBUS</li>
</ul>
</div>
</div>
</div></div>



<div class="wp-block-media-text alignfull is-stacked-on-mobile"><figure class="wp-block-media-text__media"><img loading="lazy" decoding="async" width="484" height="1024" src="https://www.rufacervesera.cat/wp-content/uploads/2021/06/negraampollabona-484x1024.jpg" alt="" class="wp-image-827 size-full" srcset="https://www.rufacervesera.cat/wp-content/uploads/2021/06/negraampollabona-484x1024.jpg 484w, https://www.rufacervesera.cat/wp-content/uploads/2021/06/negraampollabona-350x740.jpg 350w, https://www.rufacervesera.cat/wp-content/uploads/2021/06/negraampollabona-142x300.jpg 142w, https://www.rufacervesera.cat/wp-content/uploads/2021/06/negraampollabona-768x1624.jpg 768w, https://www.rufacervesera.cat/wp-content/uploads/2021/06/negraampollabona-727x1536.jpg 727w, https://www.rufacervesera.cat/wp-content/uploads/2021/06/negraampollabona-969x2048.jpg 969w, https://www.rufacervesera.cat/wp-content/uploads/2021/06/negraampollabona.jpg 1211w" sizes="auto, (max-width: 484px) 100vw, 484px" /></figure><div class="wp-block-media-text__content">
<h2 class="wp-block-heading margin-bottom-half">Rufa Negra</h2>



<p class="margin-top-half has-small-font-size">EP (Empordà Porter)</p>



<p class="has-small-font-size">La més maltosa i intensa és la Rufa Negra, elaborada amb maltes xocolata i torrades és una cervesa de color del cafè i aromes torrefactes però molt equilibrada, i suau dins el seu estil. Mitjanament amarga és elaborada amb llúpols ecològics i de proximitat.</p>



<p></p>



<p></p>



<h5 class="wp-block-heading"><strong><strong>Paràmetres</strong>:</strong></h5>



<div class="wp-block-columns is-layout-flex wp-container-core-columns-is-layout-9d6595d7 wp-block-columns-is-layout-flex">
<div class="wp-block-column is-layout-flow wp-block-column-is-layout-flow">
<ul class="wp-block-list">
<li>6% VOL</li>



<li>65 EBC</li>
</ul>
</div>



<div class="wp-block-column is-layout-flow wp-block-column-is-layout-flow">
<ul class="wp-block-list">
<li>40 IBUS</li>
</ul>
</div>
</div>



<p></p>
</div></div>



<div class="wp-block-media-text alignfull is-stacked-on-mobile"><figure class="wp-block-media-text__media"><img loading="lazy" decoding="async" width="484" height="1024" src="https://www.rufacervesera.cat/wp-content/uploads/2021/09/soleraaampollabona-484x1024.jpg" alt="" class="wp-image-828 size-full" srcset="https://www.rufacervesera.cat/wp-content/uploads/2021/09/soleraaampollabona-484x1024.jpg 484w, https://www.rufacervesera.cat/wp-content/uploads/2021/09/soleraaampollabona-350x740.jpg 350w, https://www.rufacervesera.cat/wp-content/uploads/2021/09/soleraaampollabona-142x300.jpg 142w, https://www.rufacervesera.cat/wp-content/uploads/2021/09/soleraaampollabona-768x1624.jpg 768w, https://www.rufacervesera.cat/wp-content/uploads/2021/09/soleraaampollabona-727x1536.jpg 727w, https://www.rufacervesera.cat/wp-content/uploads/2021/09/soleraaampollabona-969x2048.jpg 969w, https://www.rufacervesera.cat/wp-content/uploads/2021/09/soleraaampollabona.jpg 1211w" sizes="auto, (max-width: 484px) 100vw, 484px" /></figure><div class="wp-block-media-text__content">
<h2 class="wp-block-heading margin-bottom-half">Rufa Solera</h2>



<p class="margin-top-half has-small-font-size">ERA (Empordà red ale)</p>



<p class="has-small-font-size">Aquesta cervesa experimental és un cupatge de les nostres feines, reflex de les nostres vides, una fermentació conjunta de garnatxa dolça de solera de l’Empordà i cervesa elaborada amb maltes torrades i llúpol ecològic i de proximitat que dona com a resultat una beguda única.</p>



<p></p>



<h5 class="wp-block-heading"><strong><strong>Paràmetres</strong>:</strong></h5>



<div class="wp-block-columns is-layout-flex wp-container-core-columns-is-layout-9d6595d7 wp-block-columns-is-layout-flex">
<div class="wp-block-column is-layout-flow wp-block-column-is-layout-flow">
<ul class="wp-block-list">
<li>8% VOL</li>



<li>25 EBC</li>
</ul>
</div>



<div class="wp-block-column is-layout-flow wp-block-column-is-layout-flow">
<ul class="wp-block-list">
<li>30 IBUS</li>
</ul>
</div>
</div>



<p></p>
</div></div>



<p></p>
